{"id":1771,"date":"2025-08-10T09:58:40","date_gmt":"2025-08-10T09:58:40","guid":{"rendered":"https:\/\/www.mesviajes.com\/?page_id=1771"},"modified":"2025-08-30T10:58:59","modified_gmt":"2025-08-30T10:58:59","slug":"kontakt","status":"publish","type":"page","link":"https:\/\/www.mesviajes.com\/index.php\/kontakt\/","title":{"rendered":"KONTAKT"},"content":{"rendered":"\t\t<div data-elementor-type=\"wp-page\" data-elementor-id=\"1771\" class=\"elementor elementor-1771\" data-elementor-settings=\"{&quot;ha_cmc_init_switcher&quot;:&quot;no&quot;}\">\n\t\t\t\t<div class=\"elementor-element elementor-element-3166536a e-con-full e-flex e-con e-parent\" data-id=\"3166536a\" data-element_type=\"container\" data-e-type=\"container\" data-settings=\"{&quot;background_background&quot;:&quot;video&quot;,&quot;background_video_link&quot;:&quot;https:\\\/\\\/www.mesviajes.com\\\/wp-content\\\/uploads\\\/2025\\\/07\\\/fondo-mes-viajes-02.mp4&quot;,&quot;_ha_eqh_enable&quot;:false}\">\n\t\t<div class=\"elementor-background-video-container elementor-hidden-mobile\">\n\t\t\t\t\t\t\t<video class=\"elementor-background-video-hosted\" role=\"presentation\" autoplay muted playsinline loop><\/video>\n\t\t\t\t\t<\/div>\t\t<div class=\"elementor-element elementor-element-33eebdcd elementor-widget elementor-widget-spacer\" data-id=\"33eebdcd\" data-element_type=\"widget\" data-e-type=\"widget\" data-widget_type=\"spacer.default\">\n\t\t\t\t<div class=\"elementor-widget-container\">\n\t\t\t\t\t\t\t<div class=\"elementor-spacer\">\n\t\t\t<div class=\"elementor-spacer-inner\"><\/div>\n\t\t<\/div>\n\t\t\t\t\t\t<\/div>\n\t\t\t\t<\/div>\n\t\t\t\t<div class=\"elementor-element elementor-element-12fafe53 elementor-widget elementor-widget-heading\" data-id=\"12fafe53\" data-element_type=\"widget\" data-e-type=\"widget\" data-widget_type=\"heading.default\">\n\t\t\t\t<div class=\"elementor-widget-container\">\n\t\t\t\t\t<h2 class=\"elementor-heading-title elementor-size-default\">KONTAKTUJTE N\u00c1S<\/h2>\t\t\t\t<\/div>\n\t\t\t\t<\/div>\n\t\t\t\t<\/div>\n\t\t<div class=\"elementor-element elementor-element-7d9a255 e-flex e-con-boxed e-con e-parent\" data-id=\"7d9a255\" data-element_type=\"container\" data-e-type=\"container\" data-settings=\"{&quot;_ha_eqh_enable&quot;:false}\">\n\t\t\t\t\t<div class=\"e-con-inner\">\n\t\t\t\t<div class=\"elementor-element elementor-element-4704075 elementor-widget-divider--view-line elementor-widget elementor-widget-divider\" data-id=\"4704075\" data-element_type=\"widget\" data-e-type=\"widget\" data-widget_type=\"divider.default\">\n\t\t\t\t<div class=\"elementor-widget-container\">\n\t\t\t\t\t\t\t<div class=\"elementor-divider\">\n\t\t\t<span class=\"elementor-divider-separator\">\n\t\t\t\t\t\t<\/span>\n\t\t<\/div>\n\t\t\t\t\t\t<\/div>\n\t\t\t\t<\/div>\n\t\t\t\t\t<\/div>\n\t\t\t\t<\/div>\n\t\t<div class=\"elementor-element elementor-element-726e76f e-flex e-con-boxed e-con e-parent\" data-id=\"726e76f\" data-element_type=\"container\" data-e-type=\"container\" data-settings=\"{&quot;_ha_eqh_enable&quot;:false}\">\n\t\t\t\t\t<div class=\"e-con-inner\">\n\t\t\t\t\t<\/div>\n\t\t\t\t<\/div>\n\t\t<div class=\"elementor-element elementor-element-263ab20 e-flex e-con-boxed e-con e-parent\" data-id=\"263ab20\" data-element_type=\"container\" data-e-type=\"container\" data-settings=\"{&quot;_ha_eqh_enable&quot;:false}\">\n\t\t\t\t\t<div class=\"e-con-inner\">\n\t\t\t\t<div class=\"elementor-element elementor-element-563a1a0 elementor-widget elementor-widget-ha-cf7 happy-addon ha-cf7\" data-id=\"563a1a0\" data-element_type=\"widget\" data-e-type=\"widget\" data-widget_type=\"ha-cf7.default\">\n\t\t\t\t<div class=\"elementor-widget-container\">\n\t\t\t\t\t\n<div class=\"wpcf7 no-js\" id=\"wpcf7-f1777-o1\" lang=\"es-ES\" dir=\"ltr\" data-wpcf7-id=\"1777\">\n<div class=\"screen-reader-response\"><p role=\"status\" aria-live=\"polite\" aria-atomic=\"true\"><\/p> <ul><\/ul><\/div>\n<form action=\"\/index.php\/wp-json\/wp\/v2\/pages\/1771#wpcf7-f1777-o1\" method=\"post\" class=\"wpcf7-form init ha-cf7-form\" aria-label=\"Formulario de contacto\" novalidate=\"novalidate\" data-status=\"init\">\n<fieldset class=\"hidden-fields-container\"><input type=\"hidden\" name=\"_wpcf7\" value=\"1777\" \/><input type=\"hidden\" name=\"_wpcf7_version\" value=\"6.1.5\" \/><input type=\"hidden\" name=\"_wpcf7_locale\" value=\"es_ES\" \/><input type=\"hidden\" name=\"_wpcf7_unit_tag\" value=\"wpcf7-f1777-o1\" \/><input type=\"hidden\" name=\"_wpcf7_container_post\" value=\"0\" \/><input type=\"hidden\" name=\"_wpcf7_posted_data_hash\" value=\"\" \/>\n<\/fieldset>\n<p><label> Va\u0161e meno a priezvisko<br \/>\n<span class=\"wpcf7-form-control-wrap\" data-name=\"your-name\"><input size=\"40\" maxlength=\"400\" class=\"wpcf7-form-control wpcf7-text wpcf7-validates-as-required\" autocomplete=\"name\" aria-required=\"true\" aria-invalid=\"false\" value=\"\" type=\"text\" name=\"your-name\" \/><\/span> <\/label>\n<\/p>\n<p><label> V\u00e1\u0161 e-mail<br \/>\n<span class=\"wpcf7-form-control-wrap\" data-name=\"your-email\"><input size=\"40\" maxlength=\"400\" class=\"wpcf7-form-control wpcf7-email wpcf7-validates-as-required wpcf7-text wpcf7-validates-as-email\" autocomplete=\"email\" aria-required=\"true\" aria-invalid=\"false\" value=\"\" type=\"email\" name=\"your-email\" \/><\/span> <\/label>\n<\/p>\n<p><label> Predmet<br \/>\n<span class=\"wpcf7-form-control-wrap\" data-name=\"your-subject\"><input size=\"40\" maxlength=\"400\" class=\"wpcf7-form-control wpcf7-text wpcf7-validates-as-required\" aria-required=\"true\" aria-invalid=\"false\" value=\"\" type=\"text\" name=\"your-subject\" \/><\/span> <\/label>\n<\/p>\n<p><label> Va\u0161a spr\u00e1va<br \/>\n<span class=\"wpcf7-form-control-wrap\" data-name=\"your-message\"><textarea cols=\"40\" rows=\"10\" maxlength=\"2000\" class=\"wpcf7-form-control wpcf7-textarea\" aria-invalid=\"false\" name=\"your-message\"><\/textarea><\/span> <\/label>\n<\/p>\n<p><input class=\"wpcf7-form-control wpcf7-submit has-spinner\" type=\"submit\" value=\"Odosla\u0165\" \/>\n<\/p><p style=\"display: none !important;\" class=\"akismet-fields-container\" data-prefix=\"_wpcf7_ak_\"><label>&#916;<textarea name=\"_wpcf7_ak_hp_textarea\" cols=\"45\" rows=\"8\" maxlength=\"100\"><\/textarea><\/label><input type=\"hidden\" id=\"ak_js_1\" name=\"_wpcf7_ak_js\" value=\"50\"\/><script>document.getElementById( \"ak_js_1\" ).setAttribute( \"value\", ( new Date() ).getTime() );<\/script><\/p><div class=\"wpcf7-response-output\" aria-hidden=\"true\"><\/div>\n<\/form>\n<\/div>\n\t\t\t\t<\/div>\n\t\t\t\t<\/div>\n\t\t\t\t<div class=\"elementor-element elementor-element-9cdb969 elementor-widget elementor-widget-spacer\" data-id=\"9cdb969\" data-element_type=\"widget\" data-e-type=\"widget\" data-widget_type=\"spacer.default\">\n\t\t\t\t<div class=\"elementor-widget-container\">\n\t\t\t\t\t\t\t<div class=\"elementor-spacer\">\n\t\t\t<div class=\"elementor-spacer-inner\"><\/div>\n\t\t<\/div>\n\t\t\t\t\t\t<\/div>\n\t\t\t\t<\/div>\n\t\t\t\t\t<\/div>\n\t\t\t\t<\/div>\n\t\t<div class=\"elementor-element elementor-element-2b486332 e-flex e-con-boxed e-con e-parent\" data-id=\"2b486332\" data-element_type=\"container\" data-e-type=\"container\" id=\"xs_footer_13\" data-settings=\"{&quot;background_background&quot;:&quot;classic&quot;,&quot;_ha_eqh_enable&quot;:false}\">\n\t\t\t\t\t<div class=\"e-con-inner\">\n\t\t<div class=\"elementor-element elementor-element-46c9ea45 e-con-full e-flex e-con e-child\" data-id=\"46c9ea45\" data-element_type=\"container\" data-e-type=\"container\" data-settings=\"{&quot;_ha_eqh_enable&quot;:false}\">\n\t\t\t\t<div class=\"elementor-element elementor-element-48e7ccc2 elementor-widget elementor-widget-image\" data-id=\"48e7ccc2\" data-element_type=\"widget\" data-e-type=\"widget\" data-widget_type=\"image.default\">\n\t\t\t\t<div class=\"elementor-widget-container\">\n\t\t\t\t\t\t\t\t\t\t\t\t\t\t\t\t<a href=\"https:\/\/www.mesviajes.com\/\">\n\t\t\t\t\t\t\t<img decoding=\"async\" width=\"312\" height=\"130\" src=\"https:\/\/www.mesviajes.com\/wp-content\/uploads\/2025\/06\/mes-viajes-icono-mon-022.png\" class=\"attachment-full size-full wp-image-161\" alt=\"\" srcset=\"https:\/\/www.mesviajes.com\/wp-content\/uploads\/2025\/06\/mes-viajes-icono-mon-022.png 312w, https:\/\/www.mesviajes.com\/wp-content\/uploads\/2025\/06\/mes-viajes-icono-mon-022-300x125.png 300w\" sizes=\"(max-width: 312px) 100vw, 312px\" style=\"width:100%;height:41.67%;max-width:312px\" \/>\t\t\t\t\t\t\t\t<\/a>\n\t\t\t\t\t\t\t\t\t\t\t\t\t\t\t<\/div>\n\t\t\t\t<\/div>\n\t\t\t\t<div class=\"elementor-element elementor-element-144f2fdc elementor-widget elementor-widget-text-editor\" data-id=\"144f2fdc\" data-element_type=\"widget\" data-e-type=\"widget\" data-widget_type=\"text-editor.default\">\n\t\t\t\t<div class=\"elementor-widget-container\">\n\t\t\t\t\t\t\t\t\t<p class=\"p1\"><span style=\"color: #ffffff;\">Axonbara Experiences<\/span><\/p><p class=\"p1\"><span style=\"color: #ffffff;\">Preto\u017ee nikdy nie je neskoro objavova\u0165 svet.<\/span><br \/><span style=\"color: #ffffff;\">Cestovanie je hodn\u00e9 ka\u017edej ceny a vsetk\u00e9ho \u00fasilia.<\/span><\/p>\t\t\t\t\t\t\t\t<\/div>\n\t\t\t\t<\/div>\n\t\t\t\t<div class=\"elementor-element elementor-element-7f279dc8 elementor-widget elementor-widget-elementskit-social-media\" data-id=\"7f279dc8\" data-element_type=\"widget\" data-e-type=\"widget\" data-widget_type=\"elementskit-social-media.default\">\n\t\t\t\t<div class=\"elementor-widget-container\">\n\t\t\t\t\t<div class=\"ekit-wid-con\" >\t\t\t <ul class=\"ekit_social_media\">\n\t\t\t\t\t\t\t\t\t\t\t\t\t\t<li class=\"elementor-repeater-item-da8f4de\">\n\t\t\t\t\t    <a\n\t\t\t\t\t\thref=\"http:\/\/facebook.com\/mesviajes\" aria-label=\"Facebook\" class=\"facebook\" >\n\t\t\t\t\t\t\t\n\t\t\t\t\t\t\t<i aria-hidden=\"true\" class=\"icon icon-facebook\"><\/i>\n                                                                                                            <\/a>\n                    <\/li>\n                    \t\t\t\t\t\t\t\t\t\t\t\t\t\t<li class=\"elementor-repeater-item-c8596be\">\n\t\t\t\t\t    <a\n\t\t\t\t\t\thref=\"http:\/\/instagram.com\/mes_viajes\" aria-label=\"Instagram\" class=\"1\" >\n\t\t\t\t\t\t\t\n\t\t\t\t\t\t\t<i aria-hidden=\"true\" class=\"icon icon-instagram-1\"><\/i>\n                                                                                                            <\/a>\n                    <\/li>\n                    \t\t\t\t\t\t\t<\/ul>\n\t\t<\/div>\t\t\t\t<\/div>\n\t\t\t\t<\/div>\n\t\t\t\t<\/div>\n\t\t<div class=\"elementor-element elementor-element-52384fd2 e-con-full e-flex e-con e-child\" data-id=\"52384fd2\" data-element_type=\"container\" data-e-type=\"container\" data-settings=\"{&quot;background_background&quot;:&quot;classic&quot;,&quot;_ha_eqh_enable&quot;:false}\">\n\t\t<div class=\"elementor-element elementor-element-1bc2545a e-con-full e-flex e-con e-child\" data-id=\"1bc2545a\" data-element_type=\"container\" data-e-type=\"container\" data-settings=\"{&quot;_ha_eqh_enable&quot;:false}\">\n\t\t\t\t<div class=\"elementor-element elementor-element-2a30d4f4 elementor-widget elementor-widget-ekit-nav-menu\" data-id=\"2a30d4f4\" data-element_type=\"widget\" data-e-type=\"widget\" data-widget_type=\"ekit-nav-menu.default\">\n\t\t\t\t<div class=\"elementor-widget-container\">\n\t\t\t\t\t\t\t<nav class=\"ekit-wid-con ekit_menu_responsive_tablet\"\n\t\t\tdata-hamburger-icon=\"\"\n\t\t\tdata-hamburger-icon-type=\"icon\"\n\t\t\tdata-responsive-breakpoint=\"1024\">\n\t\t\t            <button class=\"elementskit-menu-hamburger elementskit-menu-toggler\"  type=\"button\" aria-label=\"hamburger-icon\">\n                                    <span class=\"elementskit-menu-hamburger-icon\"><\/span><span class=\"elementskit-menu-hamburger-icon\"><\/span><span class=\"elementskit-menu-hamburger-icon\"><\/span>\n                            <\/button>\n            <div id=\"ekit-megamenu-menu-eslovaco\" class=\"elementskit-menu-container elementskit-menu-offcanvas-elements elementskit-navbar-nav-default ekit-nav-menu-one-page-no ekit-nav-dropdown-hover\"><ul id=\"menu-menu-eslovaco\" class=\"elementskit-navbar-nav elementskit-menu-po-left submenu-click-on-icon\"><li id=\"menu-item-2960\" class=\"menu-item menu-item-type-post_type menu-item-object-page menu-item-2960 nav-item elementskit-mobile-builder-content\" data-vertical-menu=750px><a href=\"https:\/\/www.mesviajes.com\/index.php\/cestovny-dennik\/\" class=\"ekit-menu-nav-link\">CESTOVN\u00dd DENN\u00cdK<\/a><\/li>\n<li id=\"menu-item-2961\" class=\"menu-item menu-item-type-post_type menu-item-object-page menu-item-2961 nav-item elementskit-mobile-builder-content\" data-vertical-menu=750px><a href=\"https:\/\/www.mesviajes.com\/index.php\/destinacie\/\" class=\"ekit-menu-nav-link\">DESTIN\u00c1CIE<\/a><\/li>\n<li id=\"menu-item-2962\" class=\"menu-item menu-item-type-post_type menu-item-object-page menu-item-2962 nav-item elementskit-mobile-builder-content\" data-vertical-menu=750px><a href=\"https:\/\/www.mesviajes.com\/index.php\/kontakt\/\" class=\"ekit-menu-nav-link\">KONTAKT<\/a><\/li>\n<li id=\"menu-item-2963\" class=\"menu-item menu-item-type-post_type menu-item-object-page menu-item-2963 nav-item elementskit-mobile-builder-content\" data-vertical-menu=750px><a href=\"https:\/\/www.mesviajes.com\/index.php\/o-nas\/\" class=\"ekit-menu-nav-link\">O N\u00c1S<\/a><\/li>\n<\/ul><div class=\"elementskit-nav-identity-panel\"><button class=\"elementskit-menu-close elementskit-menu-toggler\" type=\"button\">X<\/button><\/div><\/div>\n\t\t\t<div class=\"elementskit-menu-overlay elementskit-menu-offcanvas-elements elementskit-menu-toggler ekit-nav-menu--overlay\"><\/div>        <\/nav>\n\t\t\t\t\t\t<\/div>\n\t\t\t\t<\/div>\n\t\t\t\t<\/div>\n\t\t\t\t<\/div>\n\t\t<div class=\"elementor-element elementor-element-43e2531a e-con-full e-flex e-con e-child\" data-id=\"43e2531a\" data-element_type=\"container\" data-e-type=\"container\" data-settings=\"{&quot;_ha_eqh_enable&quot;:false}\">\n\t\t\t\t<div class=\"elementor-element elementor-element-4ab01de4 elementor-widget elementor-widget-heading\" data-id=\"4ab01de4\" data-element_type=\"widget\" data-e-type=\"widget\" data-widget_type=\"heading.default\">\n\t\t\t\t<div class=\"elementor-widget-container\">\n\t\t\t\t\t<h2 class=\"elementor-heading-title elementor-size-default\">prihl\u00e1si\u0165 sa!<\/h2>\t\t\t\t<\/div>\n\t\t\t\t<\/div>\n\t\t\t\t<div class=\"elementor-element elementor-element-5d276d10 elementor-widget elementor-widget-text-editor\" data-id=\"5d276d10\" data-element_type=\"widget\" data-e-type=\"widget\" data-widget_type=\"text-editor.default\">\n\t\t\t\t<div class=\"elementor-widget-container\">\n\t\t\t\t\t\t\t\t\t<p><span style=\"color: #ffffff;\">Nenechajte si ujs\u0165 v\u0161etky novinky a nov\u00e9 destin\u00e1cie.<\/span><\/p>\t\t\t\t\t\t\t\t<\/div>\n\t\t\t\t<\/div>\n\t\t\t\t<div class=\"elementor-element elementor-element-4c39f817 elementor-widget elementor-widget-button\" data-id=\"4c39f817\" data-element_type=\"widget\" data-e-type=\"widget\" data-widget_type=\"button.default\">\n\t\t\t\t<div class=\"elementor-widget-container\">\n\t\t\t\t\t\t\t\t\t<div class=\"elementor-button-wrapper\">\n\t\t\t\t\t<a class=\"elementor-button elementor-button-link elementor-size-sm\" href=\"#\">\n\t\t\t\t\t\t<span class=\"elementor-button-content-wrapper\">\n\t\t\t\t\t\t\t\t\t<span class=\"elementor-button-text\">prihl\u00e1si\u0165 sa<\/span>\n\t\t\t\t\t<\/span>\n\t\t\t\t\t<\/a>\n\t\t\t\t<\/div>\n\t\t\t\t\t\t\t\t<\/div>\n\t\t\t\t<\/div>\n\t\t\t\t<\/div>\n\t\t\t\t\t<\/div>\n\t\t\t\t<\/div>\n\t\t<div class=\"elementor-element elementor-element-16960159 e-flex e-con-boxed e-con e-parent\" data-id=\"16960159\" data-element_type=\"container\" data-e-type=\"container\" data-settings=\"{&quot;background_background&quot;:&quot;classic&quot;,&quot;_ha_eqh_enable&quot;:false}\">\n\t\t\t\t\t<div class=\"e-con-inner\">\n\t\t\t\t<div class=\"elementor-element elementor-element-7263f43 elementor-widget elementor-widget-elementskit-heading\" data-id=\"7263f43\" data-element_type=\"widget\" data-e-type=\"widget\" data-widget_type=\"elementskit-heading.default\">\n\t\t\t\t<div class=\"elementor-widget-container\">\n\t\t\t\t\t<div class=\"ekit-wid-con\" ><div class=\"ekit-heading elementskit-section-title-wraper text_left   ekit_heading_tablet-   ekit_heading_mobile-text_center\"><p class=\"ekit-heading--title elementskit-section-title \">Axonbara Experiences - Mes Viajes - L'edifici Alfi Av Tarragona 51 Planta 2, AD 500 Andorra la Vella -  NRT F00327238U - All Rights Reserved 2025 - 2026<\/p><\/div><\/div>\t\t\t\t<\/div>\n\t\t\t\t<\/div>\n\t\t\t\t\t<\/div>\n\t\t\t\t<\/div>\n\t\t\t\t<\/div>\n\t\t","protected":false},"excerpt":{"rendered":"<p>KONTAKTUJTE N\u00c1S Va\u0161e meno a priezvisko V\u00e1\u0161 e-mail Predmet Va\u0161a spr\u00e1va &#916; Axonbara Experiences Preto\u017ee nikdy nie je neskoro objavova\u0165 svet.Cestovanie je hodn\u00e9 ka\u017edej ceny a vsetk\u00e9ho \u00fasilia. CESTOVN\u00dd DENN\u00cdK DESTIN\u00c1CIE KONTAKT O N\u00c1S X prihl\u00e1si\u0165 sa! Nenechajte si ujs\u0165 v\u0161etky novinky a nov\u00e9 destin\u00e1cie. prihl\u00e1si\u0165 sa Axonbara Experiences &#8211; Mes Viajes &#8211; L&#8217;edifici Alfi&hellip; <a class=\"more-link\" href=\"https:\/\/www.mesviajes.com\/index.php\/kontakt\/\">Seguir leyendo <span class=\"screen-reader-text\">KONTAKT<\/span><\/a><\/p>\n","protected":false},"author":1,"featured_media":0,"parent":0,"menu_order":0,"comment_status":"closed","ping_status":"closed","template":"elementor_canvas","meta":{"_acf_changed":false,"footnotes":""},"class_list":["post-1771","page","type-page","status-publish","hentry","entry"],"acf":[],"yoast_head":"<!-- This site is optimized with the Yoast SEO plugin v27.4 - https:\/\/yoast.com\/product\/yoast-seo-wordpress\/ -->\n<title>KONTAKT - Mes Viajes, vive la experiencia<\/title>\n<meta name=\"robots\" content=\"index, follow, max-snippet:-1, max-image-preview:large, max-video-preview:-1\" \/>\n<link rel=\"canonical\" href=\"https:\/\/www.mesviajes.com\/index.php\/kontakt\/\" \/>\n<meta property=\"og:locale\" content=\"es_ES\" \/>\n<meta property=\"og:type\" content=\"article\" \/>\n<meta property=\"og:title\" content=\"KONTAKT - Mes Viajes, vive la experiencia\" \/>\n<meta property=\"og:description\" content=\"KONTAKTUJTE N\u00c1S Va\u0161e meno a priezvisko V\u00e1\u0161 e-mail Predmet Va\u0161a spr\u00e1va &#916; Axonbara Experiences Preto\u017ee nikdy nie je neskoro objavova\u0165 svet.Cestovanie je hodn\u00e9 ka\u017edej ceny a vsetk\u00e9ho \u00fasilia. CESTOVN\u00dd DENN\u00cdK DESTIN\u00c1CIE KONTAKT O N\u00c1S X prihl\u00e1si\u0165 sa! Nenechajte si ujs\u0165 v\u0161etky novinky a nov\u00e9 destin\u00e1cie. prihl\u00e1si\u0165 sa Axonbara Experiences &#8211; Mes Viajes &#8211; L&#8217;edifici Alfi&hellip; Seguir leyendo KONTAKT\" \/>\n<meta property=\"og:url\" content=\"https:\/\/www.mesviajes.com\/index.php\/kontakt\/\" \/>\n<meta property=\"og:site_name\" content=\"Mes Viajes, vive la experiencia\" \/>\n<meta property=\"article:modified_time\" content=\"2025-08-30T10:58:59+00:00\" \/>\n<meta property=\"og:image\" content=\"https:\/\/www.mesviajes.com\/wp-content\/uploads\/2025\/06\/mes-viajes-icono-mon-022.png\" \/>\n\t<meta property=\"og:image:width\" content=\"312\" \/>\n\t<meta property=\"og:image:height\" content=\"130\" \/>\n\t<meta property=\"og:image:type\" content=\"image\/png\" \/>\n<meta name=\"twitter:card\" content=\"summary_large_image\" \/>\n<meta name=\"twitter:label1\" content=\"Tiempo de lectura\" \/>\n\t<meta name=\"twitter:data1\" content=\"1 minuto\" \/>\n<script type=\"application\/ld+json\" class=\"yoast-schema-graph\">{\"@context\":\"https:\\\/\\\/schema.org\",\"@graph\":[{\"@type\":\"WebPage\",\"@id\":\"https:\\\/\\\/www.mesviajes.com\\\/index.php\\\/kontakt\\\/\",\"url\":\"https:\\\/\\\/www.mesviajes.com\\\/index.php\\\/kontakt\\\/\",\"name\":\"KONTAKT - Mes Viajes, vive la experiencia\",\"isPartOf\":{\"@id\":\"https:\\\/\\\/www.mesviajes.com\\\/#website\"},\"primaryImageOfPage\":{\"@id\":\"https:\\\/\\\/www.mesviajes.com\\\/index.php\\\/kontakt\\\/#primaryimage\"},\"image\":{\"@id\":\"https:\\\/\\\/www.mesviajes.com\\\/index.php\\\/kontakt\\\/#primaryimage\"},\"thumbnailUrl\":\"https:\\\/\\\/www.mesviajes.com\\\/wp-content\\\/uploads\\\/2025\\\/06\\\/mes-viajes-icono-mon-022.png\",\"datePublished\":\"2025-08-10T09:58:40+00:00\",\"dateModified\":\"2025-08-30T10:58:59+00:00\",\"breadcrumb\":{\"@id\":\"https:\\\/\\\/www.mesviajes.com\\\/index.php\\\/kontakt\\\/#breadcrumb\"},\"inLanguage\":\"es\",\"potentialAction\":[{\"@type\":\"ReadAction\",\"target\":[\"https:\\\/\\\/www.mesviajes.com\\\/index.php\\\/kontakt\\\/\"]}]},{\"@type\":\"ImageObject\",\"inLanguage\":\"es\",\"@id\":\"https:\\\/\\\/www.mesviajes.com\\\/index.php\\\/kontakt\\\/#primaryimage\",\"url\":\"https:\\\/\\\/www.mesviajes.com\\\/wp-content\\\/uploads\\\/2025\\\/06\\\/mes-viajes-icono-mon-022.png\",\"contentUrl\":\"https:\\\/\\\/www.mesviajes.com\\\/wp-content\\\/uploads\\\/2025\\\/06\\\/mes-viajes-icono-mon-022.png\",\"width\":312,\"height\":130},{\"@type\":\"BreadcrumbList\",\"@id\":\"https:\\\/\\\/www.mesviajes.com\\\/index.php\\\/kontakt\\\/#breadcrumb\",\"itemListElement\":[{\"@type\":\"ListItem\",\"position\":1,\"name\":\"Portada\",\"item\":\"https:\\\/\\\/www.mesviajes.com\\\/\"},{\"@type\":\"ListItem\",\"position\":2,\"name\":\"KONTAKT\"}]},{\"@type\":\"WebSite\",\"@id\":\"https:\\\/\\\/www.mesviajes.com\\\/#website\",\"url\":\"https:\\\/\\\/www.mesviajes.com\\\/\",\"name\":\"Mes Viajes, vive la experiencia\",\"description\":\"Donde todo comienza\",\"potentialAction\":[{\"@type\":\"SearchAction\",\"target\":{\"@type\":\"EntryPoint\",\"urlTemplate\":\"https:\\\/\\\/www.mesviajes.com\\\/?s={search_term_string}\"},\"query-input\":{\"@type\":\"PropertyValueSpecification\",\"valueRequired\":true,\"valueName\":\"search_term_string\"}}],\"inLanguage\":\"es\"}]}<\/script>\n<!-- \/ Yoast SEO plugin. -->","yoast_head_json":{"title":"KONTAKT - Mes Viajes, vive la experiencia","robots":{"index":"index","follow":"follow","max-snippet":"max-snippet:-1","max-image-preview":"max-image-preview:large","max-video-preview":"max-video-preview:-1"},"canonical":"https:\/\/www.mesviajes.com\/index.php\/kontakt\/","og_locale":"es_ES","og_type":"article","og_title":"KONTAKT - Mes Viajes, vive la experiencia","og_description":"KONTAKTUJTE N\u00c1S Va\u0161e meno a priezvisko V\u00e1\u0161 e-mail Predmet Va\u0161a spr\u00e1va &#916; Axonbara Experiences Preto\u017ee nikdy nie je neskoro objavova\u0165 svet.Cestovanie je hodn\u00e9 ka\u017edej ceny a vsetk\u00e9ho \u00fasilia. CESTOVN\u00dd DENN\u00cdK DESTIN\u00c1CIE KONTAKT O N\u00c1S X prihl\u00e1si\u0165 sa! Nenechajte si ujs\u0165 v\u0161etky novinky a nov\u00e9 destin\u00e1cie. prihl\u00e1si\u0165 sa Axonbara Experiences &#8211; Mes Viajes &#8211; L&#8217;edifici Alfi&hellip; Seguir leyendo KONTAKT","og_url":"https:\/\/www.mesviajes.com\/index.php\/kontakt\/","og_site_name":"Mes Viajes, vive la experiencia","article_modified_time":"2025-08-30T10:58:59+00:00","og_image":[{"width":312,"height":130,"url":"https:\/\/www.mesviajes.com\/wp-content\/uploads\/2025\/06\/mes-viajes-icono-mon-022.png","type":"image\/png"}],"twitter_card":"summary_large_image","twitter_misc":{"Tiempo de lectura":"1 minuto"},"schema":{"@context":"https:\/\/schema.org","@graph":[{"@type":"WebPage","@id":"https:\/\/www.mesviajes.com\/index.php\/kontakt\/","url":"https:\/\/www.mesviajes.com\/index.php\/kontakt\/","name":"KONTAKT - Mes Viajes, vive la experiencia","isPartOf":{"@id":"https:\/\/www.mesviajes.com\/#website"},"primaryImageOfPage":{"@id":"https:\/\/www.mesviajes.com\/index.php\/kontakt\/#primaryimage"},"image":{"@id":"https:\/\/www.mesviajes.com\/index.php\/kontakt\/#primaryimage"},"thumbnailUrl":"https:\/\/www.mesviajes.com\/wp-content\/uploads\/2025\/06\/mes-viajes-icono-mon-022.png","datePublished":"2025-08-10T09:58:40+00:00","dateModified":"2025-08-30T10:58:59+00:00","breadcrumb":{"@id":"https:\/\/www.mesviajes.com\/index.php\/kontakt\/#breadcrumb"},"inLanguage":"es","potentialAction":[{"@type":"ReadAction","target":["https:\/\/www.mesviajes.com\/index.php\/kontakt\/"]}]},{"@type":"ImageObject","inLanguage":"es","@id":"https:\/\/www.mesviajes.com\/index.php\/kontakt\/#primaryimage","url":"https:\/\/www.mesviajes.com\/wp-content\/uploads\/2025\/06\/mes-viajes-icono-mon-022.png","contentUrl":"https:\/\/www.mesviajes.com\/wp-content\/uploads\/2025\/06\/mes-viajes-icono-mon-022.png","width":312,"height":130},{"@type":"BreadcrumbList","@id":"https:\/\/www.mesviajes.com\/index.php\/kontakt\/#breadcrumb","itemListElement":[{"@type":"ListItem","position":1,"name":"Portada","item":"https:\/\/www.mesviajes.com\/"},{"@type":"ListItem","position":2,"name":"KONTAKT"}]},{"@type":"WebSite","@id":"https:\/\/www.mesviajes.com\/#website","url":"https:\/\/www.mesviajes.com\/","name":"Mes Viajes, vive la experiencia","description":"Donde todo comienza","potentialAction":[{"@type":"SearchAction","target":{"@type":"EntryPoint","urlTemplate":"https:\/\/www.mesviajes.com\/?s={search_term_string}"},"query-input":{"@type":"PropertyValueSpecification","valueRequired":true,"valueName":"search_term_string"}}],"inLanguage":"es"}]}},"_links":{"self":[{"href":"https:\/\/www.mesviajes.com\/index.php\/wp-json\/wp\/v2\/pages\/1771","targetHints":{"allow":["GET"]}}],"collection":[{"href":"https:\/\/www.mesviajes.com\/index.php\/wp-json\/wp\/v2\/pages"}],"about":[{"href":"https:\/\/www.mesviajes.com\/index.php\/wp-json\/wp\/v2\/types\/page"}],"author":[{"embeddable":true,"href":"https:\/\/www.mesviajes.com\/index.php\/wp-json\/wp\/v2\/users\/1"}],"replies":[{"embeddable":true,"href":"https:\/\/www.mesviajes.com\/index.php\/wp-json\/wp\/v2\/comments?post=1771"}],"version-history":[{"count":16,"href":"https:\/\/www.mesviajes.com\/index.php\/wp-json\/wp\/v2\/pages\/1771\/revisions"}],"predecessor-version":[{"id":3228,"href":"https:\/\/www.mesviajes.com\/index.php\/wp-json\/wp\/v2\/pages\/1771\/revisions\/3228"}],"wp:attachment":[{"href":"https:\/\/www.mesviajes.com\/index.php\/wp-json\/wp\/v2\/media?parent=1771"}],"curies":[{"name":"wp","href":"https:\/\/api.w.org\/{rel}","templated":true}]}}